st the prime factors of 2072359.
241, 8599
What are the prime factors of 147356?
2, 11, 17, 197
List the prime factors of 501378.
2, 3, 83563
List the prime factors of 38820240.
2, 3, 5, 53917
List the prime factors of 473764.
2, 83, 1427
What are the prime factors of 13398183?
3, 496229
List the prime factors of 15689111.
15689111
What are the prime factors of 725198?
2, 362599
List the prime factors of 24789974.
2, 11, 107, 10531
List the prime factors of 11224311.
3, 7, 534491
What are the prime factors of 446619?
3, 148873
List the prime factors of 1094.
2, 547
What are the prime factors of 252976?
2, 97, 163
What are the prime factors of 677271?
3, 7, 32251
List the prime factors of 33074840.
2, 5, 47, 73, 241
List the prime factors of 49938.
2, 3, 7, 29, 41
What are the prime factors of 209318?
2, 104659
List the prime factors of 1061698.
2, 11, 48259
List the prime factors of 253262.
2, 126631
What are the prime factors of 19951457?
83, 240379
List the prime factors of 512978.
2, 256489
What are the prime factors of 13998449?
431, 32479
What are the prime factors of 4124738?
2, 103, 20023
What are the prime factors of 11954368?
2, 151, 1237
List the prime factors of 6459289.
1531, 4219
List the prime factors of 10922225.
5, 436889
What are the prime factors of 247074?
2, 3, 41179
List the prime factors of 32907205.
5, 6581441
List the prime factors of 5033359.
113, 44543
List the prime factors of 38211.
3, 47, 271
What are the prime factors of 3426043?
131, 26153
What are the prime factors of 200545?
5, 19, 2111
What are the prime factors of 693228?
2, 3, 41, 1409
What are the prime factors of 1364531?
7, 194933
What are the prime factors of 402518?
2, 313, 643
List the prime factors of 14705042.
2, 11, 59, 11329
What are the prime factors of 896225?
5, 11, 3259
What are the prime factors of 462081?
3, 154027
What are the prime factors of 243604?
2, 60901
List the prime factors of 13645003.
23, 593261
What are the prime factors of 1041602?
2, 241, 2161
List the prime factors of 5092146.
2, 3, 17, 43
List the prime factors of 732938.
2, 17, 21557
List the prime factors of 5262062.
2, 13, 202387
List the prime factors of 244269.
3, 83, 109
List the prime factors of 126335.
5, 11, 2297
List the prime factors of 2551777.
199, 12823
What are the prime factors of 248988?
2, 3, 20749
What are the prime factors of 5660503?
5660503
What are the prime factors of 3150601?
3150601
What are the prime factors of 2920319?
19, 153701
What are the prime factors of 10568338?
2, 11, 480379
List the prime factors of 2466071.
17, 145063
What are the prime factors of 44895?
3, 5, 41, 73
What are the prime factors of 93192?
2, 3, 11, 353
What are the prime factors of 880861?
880861
List the prime factors of 3086081.
31, 99551
List the prime factors of 4151685.
3, 5, 276779
What are the prime factors of 5501426?
2, 7, 73, 769
List the prime factors of 8802675.
3, 5, 7, 23
What are the prime factors of 1497664?
2, 7, 3343
What are the prime factors of 461598?
2, 3, 107, 719
What are the prime factors of 730444?
2, 11, 13, 1277
What are the prime factors of 289865?
5, 57973
What are the prime factors of 52726?
2, 41, 643
List the prime factors of 590114.
2, 7, 61, 691
What are the prime factors of 3960404?
2, 7, 141443
What are the prime factors of 123714?
2, 3, 29, 79
What are the prime factors of 21765426?
2, 3, 199, 18229
What are the prime factors of 2503696?
2, 13, 12037
What are the prime factors of 10128020?
2, 5, 7, 73, 991
What are the prime factors of 53400?
2, 3, 5, 89
List the prime factors of 21785695.
5, 4357139
What are the prime factors of 593241?
3, 11, 17977
List the prime factors of 526176.
2, 3, 7, 29
What are the prime factors of 61723?
61723
List the prime factors of 20264.
2, 17, 149
List the prime factors of 6469144.
2, 11, 41, 163
What are the prime factors of 3304848?
2, 3, 31, 2221
What are the prime factors of 4450337?
4450337
List the prime factors of 10800024.
2, 3, 450001
What are the prime factors of 418236?
2, 3, 7, 13, 383
List the prime factors of 15584809.
53, 294053
List the prime factors of 41864.
2, 5233
What are the prime factors of 14045?
5, 53
What are the prime factors of 1337843?
13, 102911
What are the prime factors of 14879622?
2, 3, 19, 130523
What are the prime factors of 15509008?
2, 107, 9059
What are the prime factors of 2995768?
2, 19, 19709
What are the prime factors of 280140?
2, 3, 5, 7, 23, 29
List the prime factors of 188470.
2, 5, 47, 401
List the prime factors of 1018656.
2, 3, 131
List the prime factors of 1260403.
19, 66337
List the prime factors of 12500853.
3, 1607, 2593
List the prime factors of 6154081.
19, 323899
List the prime factors of 4556863.
41, 111143
What are the prime factors of 3706258?
2, 29, 63901
List the prime factors of 12304299.
3, 7, 585919
What are the prime factors of 4796030?
2, 5, 211, 2273
What are the prime factors of 13483097?
97, 1433
List the prime factors of 992228.
2, 248057
What are the prime factors of 2108732?
2, 23, 22921
List the prime factors of 23425608.
2, 3, 283, 3449
What are the prime factors of 12515460?
2, 3, 5, 208591
What are the prime factors of 1530043?
1187, 1289
What are the prime factors of 3679885?
5, 11, 23, 2909
What are the prime factors of 2468723?
17, 145219
What are the prime factors of 1288679?
7, 227, 811
What are the prime factors of 10329?
3, 11, 313
What are the prime factors of 1040536?
2, 7, 17, 1093
List the prime factors of 608169.
3, 37, 5479
What are the prime factors of 24742?
2, 89, 139
List the prime factors of 31491.
3, 3499
What are the prime factors of 17046291?
3, 17, 83, 4027
List the prime factors of 4133630.
2, 5, 353, 1171
What are the prime factors of 7748657?
7, 487, 2273
List the prime factors of 1385692.
2, 7, 11, 409
What are the prime factors of 145860?
2, 3, 5, 11, 13, 17
List the prime factors of 9223587.
3, 1024843
What are the prime factors of 8417116?
2, 193, 10903
What are the prime factors of 2635665?
3, 5, 29, 73, 83
What are the prime factors of 321761?
11, 29251
What are the prime factors of 2931577?
11, 31, 8597
List the prime factors of 9049414.
2, 11, 411337
List the prime factors of 297308.
2, 11, 29, 233
What are the prime factors of 215978?
2, 7, 15427
List the prime factors of 816284.
2, 7, 29153
What are the prime factors of 81539?
67, 1217
What are the prime factors of 1305883?
499, 2617
What are the prime factors of 8113015?
5, 673, 2411
What are the prime factors of 2892577?
2892577
List the prime factors of 3055395.
3, 5, 7, 4157
List the prime factors of 40641.
3, 19, 23, 31
What are the prime factors of 14163197?
67, 137, 1543
What are the prime factors of 810287?
389, 2083
List the prime factors of 1640717.
13, 61, 2069
List the prime factors of 62804.
2, 7, 2243
List the prime factors of 614375.
5, 983
What are the prime factors of 10725737?
11, 29, 33623
What are the prime factors of 5815?
5, 1163
What are the prime factors of 270511?
157, 1723
What are the prime factors of 395244?
2, 3, 10979
What are the prime factors of 665471?
41, 16231
List the prime factors of 8292234.
2, 3, 1382039
What are the prime factors of 176454?
2, 3, 9803
What are the prime factors of 628016?
2, 39251
What are the prime factors of 691721?
691721
What are the prime factors of 3940279?
7, 562897
What are the prime factors of 708702?
2, 3, 29, 4073
What are the prime factors of 1793166?
2, 3, 298861
List the prime factors of 2481041.
349, 7109
List the prime factors of 1648870.
2, 5, 23, 67, 107
What are the prime factors of 1899554?
2, 949777
What are the prime factors of 1528883?
239, 6397
What are the prime factors of 199034?
2, 11, 83, 109
What are the prime factors of 2515530?
2, 3, 5, 71, 1181
List the prime factors of 808817.
401, 2017
List the prime factors of 475211.
11, 43201
List the prime factors of 2345389.
61, 38449
What are the prime factors of 193598?
2, 96799
What are the prime factors of 2056589?
2056589
What are the prime factors of 17590071?
3, 997, 5881
List the prime factors of 762775.
5, 13, 2347
List the prime factors of 5974135.
5, 23, 51949
List the prime factors of 6308038.
2, 11, 19, 15091
List the prime factors of 329510.
2, 5, 83, 397
What are the prime factors of 157564?
2, 1